w be m(q). List the prime factors of (3 + 0/(w - 3))*24.
2, 3
Let j(z) = 3*z**3 - 5*z**2 - 4*z + 16. Suppose -5*l - 3*m + 6*m + 19 = 0, 10 = -l - 4*m. Suppose 0*q = -l*q + 8. What are the prime factors of j(q)?
2, 7
Let s be 16/(-6)*45/6. Let r = s - -22. Suppose -4*g - r*c + 430 = 0, 4*c + 7 + 78 = g. List the prime factors of g.
3, 5, 7
Suppose -128*g = -48*g - 844640. List the prime factors of g.
2, 5279
Let i be ((-5410080)/(-70))/12 - (-4)/(-7). Suppose -68*j + 61*j = -i. What are the prime factors of j?
2, 5, 23
Let s(w) = 917*w**2 + 2*w - 2. Let y be s(1). Let d(b) = -4*b - 96. Let i be d(-24). Suppose i = -23*u + 30*u - y. What are the prime factors of u?
131
Let y(w) = -1333*w - 253. What are the prime factors of y(-12)?
7, 13, 173
List the prime factors of 365372/42 - (-1 - -1) - 34/(-51).
2, 3, 5, 29
Suppose -29*o = -341598 - 50511. List the prime factors of o.
3, 4507
Suppose 429*w - 430*w + c = -9594, 0 = -5*w + c + 47942. What are the prime factors of w?
9587
Let l(z) = -26 + 3*z + 0*z + z + 2*z**3 - 30*z**2. Suppose 22*j - c - 61 = 18*j, 4*j - 3*c - 63 = 0. List the prime factors of l(j).
2, 17
Let b(d) = d**3 + 6*d**2 - 29*d - 15. Let i be b(-9). Suppose 2*y = 2*z + y - 376, -178 = -z + i*y. List the prime factors of z.
2, 5, 19
Let c = 188 + -97. Let g = c - -15. Let f = g + -17. List the prime factors of f.
89
Suppose 160*h - 155*h = 15. Suppose h*y = 6*y - 870. List the prime factors of y.
2, 5, 29
Suppose 137 = -3*b - 3*m - 103, -5*b - 424 = -m. Let v be 12/b - 1276/(-14). Let f = -57 + v. List the prime factors of f.
2, 17
Let s(r) = -13*r + 1. Suppose -4*q = -3*i - 73, -5*q + 4*i = -0*i - 92. Suppose 0 = 4*m + 5*j + 41, -m - 3*j = -7*j - q. What are the prime factors of s(m)?
53
Let d(z) = -z**2 - 21*z + 32. Let v be d(-23). Let f(r) = -2*r**3 - 27*r**2 - 9*r + 12. List the prime factors of f(v).
2, 167
Suppose 0 = -14*u + 409 - 1683. Let a = 191 + u. List the prime factors of ((-17)/(-2) - 1)*2520/a.
3, 7
Suppose -2*f + 3*t = 3028 - 11606, -3*f = -2*t - 12867. What are the prime factors of f?
4289
Let q = -120 - -138. Suppose -q + 14 = -4*r. List the prime factors of 269*(-1 - r - -3).
269
Let x(u) = 18*u + 2535. What are the prime factors of x(92)?
3, 11, 127
Let z(v) = -2*v**2 - 55*v - 12. Let o be z(-10). Suppose 3*i - o = 1243. List the prime factors of i.
17, 31
Suppose 5*g + 6470 = -j, -4*g - j - 3884 = -g. Let b = -2193 - g. What are the prime factors of b/(-5) + (5 - 5)?
2, 3, 5
Let n = 1660 + -1170. Suppose 4*f + n = 3430. List the prime factors of f.
3, 5, 7
Suppose 2*h + 6 = -8. Let n be (-141)/(-21) + 0 + (-2)/h. Suppose -3*y - n*y = -730. What are the prime factors of y?
73
Let x(d) = d**2 - 7*d - 20. Let p be x(10). Suppose p*h = 11*h - 4. Suppose 0 = -h*s + 8*s - 236. List the prime factors of s.
59
Let k(y) = -y**3 + 5*y**2 + 13*y + 4. Let v be k(7). What are the prime factors of (-1 - 2/v)/((-33)/20493)?
3, 23
Suppose -3*w - 3 = 0, -2*n + w = -7*n - 121. Let i = -16 - n. Suppose 0 = r - i - 4. List the prime factors of r.
2, 3
Let y(p) = p**3 - 5*p**2 + 5*p + 7. Let h be y(3). Suppose -25*x + 23*x = h. What are the prime factors of 1*(53 - (0 - -3)) + x?
2, 3
Let z = -2892 - -24813. What are the prime factors of z?
3, 7307
Suppose -2*f + 38603 = 2*r - 3113, -5*r - 20840 = -f. List the prime factors of f.
5, 43, 97
Let a(b) be the first derivative of -9 + 27*b**2 - 37*b**2 - 4*b + 1 - 7*b. What are the prime factors of a(-2)?
29
List the prime factors of (-679833)/(-132) + (-9)/(-12).
3, 17, 101
Let x be (-4)/10 - (-44)/10. Let t(k) = 9*k**2 + 8*k - 34. Let p(h) = -2*h**2 - 3*h + 11. Let d(q) = 7*p(q) + 2*t(q). What are the prime factors of d(x)?
53
List the prime factors of ((-33)/(-297)*-57)/((-2)/3186).
3, 19, 59
Suppose 5*i = 3*f + 15241, 0*f = 3*i - 2*f - 9144. What are the prime factors of i?
2, 5, 61
Let c(i) = 9*i**2 + 92*i + 99. Let t(w) = -8*w**2 - 88*w - 100. Let b(z) = -5*c(z) - 6*t(z). What are the prime factors of b(-31)?
2, 5, 11
Let z(g) = -83*g - 9. Let x be z(-2). Suppose -x + 713 = b. Suppose 2*r = -2*u + 368, -3*r + 2*u = 6*u - b. What are the prime factors of r?
2, 3, 5
Let h be 856/(-108)*-51 - (-8)/(-36). What are the prime factors of h/6*(-4 + 7)?
2, 101
Let n(h) = -2*h - 37. Let g be n(-21). Suppose g*p + 172 = c, 4*c - 5*p - 546 = c. List the prime factors of c.
11, 17
Let k = -390 + 390. Suppose p + 0*v = -2*v - 7, 5*p - 4*v = -7. What are the prime factors of (((-597)/9 - k) + 0)*p?
199
Let t = 1677 + -709. Suppose 962 = 5*h - t. List the prime factors of h.
2, 193
Let d = -25841 - -45834. List the prime factors of d.
19993
Let b = 7558 - 1246. What are the prime factors of b?
2, 3, 263
Let a(i) be the third derivative of i**5/30 + i**3/6 - 197*i**2. Let d be (3/(-5))/((-1)/5). What are the prime factors of a(d)?
19
Let j(m) = m**2 + 38*m + 37. Let i be j(24). Suppose 5*q + 5*z - i = 2*q, -2*q + 2*z + 1006 = 0. What are the prime factors of q?
5, 101
Let c(x) = x**2 - 3*x + 6. Suppose 4*d + 5*t = 4*t + 5, -5*t = -4*d - 25. Let b be c(d). What are the prime factors of 252/(-2)*(-7 + b)?
2, 3, 7
Let x = 195 - 88. Suppose 3*v = -2*d + 60, -3*v - d = 2*v - x. Let m = v - -26. What are the prime factors of m?
2, 3
Let z be 5/5 + 7/7. What are the prime factors of ((-20)/(-4) - -62) + z?
3, 23
Let k(h) = -2*h + 20. Let a be k(9). Let l be (-24)/a*(-3 + (-15)/(-6)). Suppose -351 = -3*d - l*d. List the prime factors of d.
3, 13
Let j(i) = 56*i**2 + 24*i + 224. What are the prime factors of j(20)?
2, 19
Let m be (-56 + -1)*40/(-24). Let z = m + -25. Suppose s + 5*y - z = 0, 0*s - 78 = -s - 3*y. What are the prime factors of s?
2, 3, 5
Let r(b) = 97*b**2 + 5*b - 22. What are the prime factors of r(-7)?
2, 587
Suppose -21 = 2*v - 9*v. Suppose -d = -2*d - v. List the prime factors of (d - 16/(-6))/(2/(-744)).
2, 31
Let v(n) = 1540*n - 550. What are the prime factors of v(8)?
2, 5, 11, 107
Let d(b) = 203*b**2 - 294*b + 1491. List the prime factors of d(5).
2, 7, 13
Let m(w) = w**3 - 38*w**2 + 98*w + 75. List the prime factors of m(40).
5, 1439
Let d(i) be the second derivative of -18*i**5/5 - i**4/12 - i**3/3 - 4*i**2 + 99*i. What are the prime factors of d(-2)?
2, 71
Suppose 4*w = -5*y - 15698, 3185 + 9371 = -4*y - 2*w. List the prime factors of y/(-8) - (-1 + (-15)/(-12)).
2, 7
Suppose -834*b - 4*u = -831*b - 152421, -203284 = -4*b + 4*u. What are the prime factors of b?
5, 10163
Suppose -5*d + 3*z = 75637, -16*d + 20*d = 4*z - 60508. What are the prime factors of d/(-14) - (-30)/(-140)*-2?
23, 47
Let b(v) = -170*v + 216. What are the prime factors of b(-9)?
2, 3, 97
Let m(z) = 0*z**3 + 2 + 3*z**2 + 3*z**3 + 5*z - 2*z**3 - 9*z. Let f be m(-4). Suppose 0 = -f*r + a + 214 + 43, -1 = a. What are the prime factors of r?
2
List the prime factors of 2/15 - 88171/(-555).
3, 53
Let c(a) = 18*a + 20*a**2 + 0*a - a**3 - 6 + 8 + 30. List the prime factors of c(20).
2, 7
Let v(y) = -30*y**2 + 2*y - 28. Let n be v(-9). Let r = n + 3537. What are the prime factors of r?
1061
Let t be 2/(-7) - (-12)/(-7) - -6. Suppose -2*n = -0*n - t. List the prime factors of n - (106 - 1)/(-1).
107
Let c be (-1)/(-5) + 14/5 + 2. Suppose -f = -3*g + 1726, 2*g - c*f = 3*g - 586. Suppose 3*u = 9*u - g. What are the prime factors of u?
2, 3
Let b = 83 - -261. Suppose b = 2*c - 60. What are the prime factors of c?
2, 101
Let s(i) = -i**3 - 29*i**2 - 44*i - 78. What are the prime factors of s(-30)?
2, 3, 7, 17
Let n be (12/(-16) - -1) + (-115)/(-20). Let q be (-16)/(-4) - n - 3. Let d(b) = 6*b**2 + 3*b - 6. List the prime factors of d(q).
3, 43
Let a = 372 + 917. Suppose -9*t + a = -11167. List the prime factors of t.
2, 173
Let m = 271 + -269. What are the prime factors of 4 + (240 + 6)/m?
127
Suppose 41*a - 185260 - 234061 = 4*a. List the prime factors of a.
7, 1619
Let v(t) be the second derivative of 35*t**4/12 + 13*t**3/6 + 26*t**2 - 153*t. What are the prime factors of v(-5)?
2, 431
Let o(v) = -v - 38. Let f be o(-23). What are the prime factors of 873 + (-5)/f*-21?
2, 433
Suppose 9*v + 25042 - 93181 = 0. List the prime factors of v.
67, 113
Let b = 189 + -312. Let a = 126 + b. List the prime factors of a*(-356)/36*-6.
2, 89
Let r be 0 + 4 + (5 - 3). Let d = -219 - -489. Suppose -8 = 4*n, -d = -4*v + r*n - 3*n. W